{"id":414,"date":"2024-02-12T13:30:18","date_gmt":"2024-02-12T12:30:18","guid":{"rendered":"https:\/\/kundeservice.admmit.no\/?page_id=414"},"modified":"2024-05-24T12:37:32","modified_gmt":"2024-05-24T10:37:32","slug":"grunnmodul","status":"publish","type":"page","link":"https:\/\/kundeservice.admmit.no\/?page_id=414","title":{"rendered":"Grunnmodul"},"content":{"rendered":"\n<p>Med AdmMit AS sin grunnmodul f\u00e5r du en omfattende l\u00f8sning som effektiviserer din bedrifts administrative prosesser. Her er noen av de viktigste punktene. \u00d8nsker du en gjennomgang med en av v\u00e5re konsulenter, ta gjerne <mark style=\"background-color:rgba(0, 0, 0, 0)\" class=\"has-inline-color has-vivid-cyan-blue-color\"><a href=\"https:\/\/kundeservice.admmit.no\/?page_id=1253\" data-type=\"page\" data-id=\"1253\">kontakt<\/a> <\/mark>\ud83d\ude0a<\/p>\n\n\n\n<ol class=\"wp-block-list\">\n<li><a href=\"https:\/\/kundeservice.admmit.no\/?page_id=315\" data-type=\"page\" data-id=\"315\"><mark style=\"background-color:rgba(0, 0, 0, 0)\" class=\"has-inline-color has-vivid-cyan-blue-color\">Ansatte<\/mark><\/a><strong>:<\/strong> Oversikt og oppf\u00f8lging av kompetanse, dokumenter, sertifikater og arbeidstid med mer<\/li>\n<\/ol>\n\n\n\n<p><\/p>\n\n\n\n<ol start=\"2\" class=\"wp-block-list\">\n<li><a href=\"https:\/\/kundeservice.admmit.no\/?page_id=1309\" data-type=\"page\" data-id=\"1309\"><mark style=\"background-color:rgba(0, 0, 0, 0)\" class=\"has-inline-color has-vivid-cyan-blue-color\">Frav\u00e6r<\/mark><\/a><strong>:<\/strong> Registrering, behandling, oppf\u00f8lging, oversikt, frav\u00e6rsstatistikk, og eksport til l\u00f8nnssystemer. Muligheter for rapportering<br><\/li>\n<\/ol>\n\n\n\n<p><\/p>\n\n\n\n<ol start=\"3\" class=\"wp-block-list\">\n<li><a href=\"https:\/\/kundeservice.admmit.no\/?page_id=317\" data-type=\"page\" data-id=\"317\"><mark style=\"background-color:rgba(0, 0, 0, 0)\" class=\"has-inline-color has-vivid-cyan-blue-color\">Timef\u00f8ring<\/mark><\/a><strong>:<\/strong> Enkel og brukervennlig timef\u00f8ring via mobil, nettbrett eller pc. Generer timer direkte fra fartsskriver. Kundetilpasset l\u00f8sning, alt fra enkle til komplekse f\u00f8ringer<br><\/li>\n<\/ol>\n\n\n\n<p><\/p>\n\n\n\n<ol start=\"4\" class=\"wp-block-list\">\n<li><a href=\"https:\/\/kundeservice.admmit.no\/?page_id=1302\" data-type=\"page\" data-id=\"1302\"><mark style=\"background-color:rgba(0, 0, 0, 0)\" class=\"has-inline-color has-vivid-cyan-blue-color\">Timegrunnlag<\/mark><\/a><strong>:<\/strong> Full oversikt p\u00e5 timebruk, fordelt p\u00e5 kunde og \/eller prosjekt. Fleksible og oversiktlige kontroll- og godkjenningsprosesser. Fleksible tillegg- og overtidsgenereringer og eksport til l\u00f8nnssystemer<\/li>\n<\/ol>\n\n\n\n<p><\/p>\n\n\n\n<ol start=\"5\" class=\"wp-block-list\">\n<li><a href=\"https:\/\/kundeservice.admmit.no\/?page_id=995\" data-type=\"page\" data-id=\"995\"><mark style=\"background-color:rgba(0, 0, 0, 0)\" class=\"has-inline-color has-vivid-cyan-blue-color\">Timesammenligning<\/mark><\/a>: Sammenlign f\u00f8rte timer mot sj\u00e5f\u00f8rkortdata og\/eller arbeidsplan i ett og samme bilde<\/li>\n<\/ol>\n\n\n\n<p><\/p>\n\n\n\n<ol start=\"6\" class=\"wp-block-list\">\n<li><a href=\"https:\/\/kundeservice.admmit.no\/?page_id=1281\" data-type=\"page\" data-id=\"1281\"><mark style=\"background-color:rgba(0, 0, 0, 0)\" class=\"has-inline-color has-vivid-cyan-blue-color\">Arbeidsplan<\/mark><\/a>: Opprett arbeidsplaner med syklus og rotasjon basert p\u00e5 avdeling eller pr ansatt<\/li>\n<\/ol>\n\n\n\n<p><\/p>\n\n\n\n<ol start=\"7\" class=\"wp-block-list\">\n<li><a href=\"https:\/\/kundeservice.admmit.no\/?page_id=1282\" data-type=\"page\" data-id=\"1282\"><mark style=\"background-color:rgba(0, 0, 0, 0)\" class=\"has-inline-color has-vivid-cyan-blue-color\">Arbeidstid<\/mark><\/a>: Oversikt p\u00e5 arbeidstid og overtid med varsling pr dag, uke og gjennomsnittsberegning &#8211; ut fra bedriftens tariff og overtidsavtale<\/li>\n<\/ol>\n\n\n\n<p><\/p>\n\n\n\n<ol start=\"8\" class=\"wp-block-list\">\n<li><a href=\"https:\/\/kundeservice.admmit.no\/?page_id=764\" data-type=\"page\" data-id=\"764\"><mark style=\"background-color:rgba(0, 0, 0, 0)\" class=\"has-inline-color has-vivid-cyan-blue-color\">Inn- og utsjekk<\/mark><\/a>: Daglig kj\u00f8ret\u00f8y kontroll, se registrerte avvik og skader p\u00e5 kj\u00f8ret\u00f8y, gir deg oversikt og kontroll. Mulighet med innsjekk via QR-kode, ogs\u00e5 for eksterne. Gir deg kontroll p\u00e5 hvilken sj\u00e5f\u00f8r som er registrert p\u00e5 hvilken bil, mulighet for tilknytning av skjema ved hver innsjekk med eksempelvis kontroll, dokumentasjon eller avviksskjema<\/li>\n<\/ol>\n\n\n\n<p><\/p>\n\n\n\n<ol start=\"9\" class=\"wp-block-list\">\n<li><a href=\"https:\/\/kundeservice.admmit.no\/?page_id=316\" data-type=\"page\" data-id=\"316\"><mark style=\"background-color:rgba(0, 0, 0, 0)\" class=\"has-inline-color has-vivid-cyan-blue-color\">Materiell<\/mark><\/a><strong>:<\/strong> Oversikt over materiell og utstyr. Verksted- og vedlikeholdskalender, varsling p\u00e5 utl\u00f8p og opplasting av dokumenter<\/li>\n<\/ol>\n\n\n\n<p><\/p>\n\n\n\n<ol start=\"10\" class=\"wp-block-list\">\n<li><a href=\"https:\/\/kundeservice.admmit.no\/?page_id=391\" data-type=\"page\" data-id=\"391\"><mark style=\"background-color:rgba(0, 0, 0, 0)\" class=\"has-inline-color has-vivid-cyan-blue-color\">Skader<\/mark><\/a><strong>:<\/strong> Registrering, opprett frav\u00e6r for utbedring av skade, statistikk, historikk og oppf\u00f8lging med mer<\/li>\n<\/ol>\n\n\n\n<p><\/p>\n\n\n\n<ol start=\"11\" class=\"wp-block-list\">\n<li><a href=\"https:\/\/kundeservice.admmit.no\/?page_id=365\" data-type=\"page\" data-id=\"365\"><mark style=\"background-color:rgba(0, 0, 0, 0)\" class=\"has-inline-color has-vivid-cyan-blue-color\">Meldingsfunksjon<\/mark><\/a><strong>:<\/strong> Send meldinger internt i bedriften. Enkeltvis, avdelingsvis eller opprett egne meldings-grupper. Mulighet for tilleggsvarsling via SMS<\/li>\n<\/ol>\n\n\n\n<p><\/p>\n\n\n\n<ol start=\"12\" class=\"wp-block-list\">\n<li><a href=\"https:\/\/kundeservice.admmit.no\/?page_id=1284\" data-type=\"page\" data-id=\"1284\"><mark style=\"background-color:rgba(0, 0, 0, 0)\" class=\"has-inline-color has-vivid-cyan-blue-color\">Nyhetsadministrasjon<\/mark><\/a><strong>:<\/strong> Sikre god informasjonsflyt internt i bedriften, med mulighet for bilder og lenker<\/li>\n<\/ol>\n\n\n\n<p><\/p>\n\n\n\n<ol start=\"13\" class=\"wp-block-list\">\n<li><a href=\"https:\/\/kundeservice.admmit.no\/?page_id=1286\" data-type=\"page\" data-id=\"1286\"><mark style=\"background-color:rgba(0, 0, 0, 0)\" class=\"has-inline-color has-vivid-cyan-blue-color\">AdmMit Kontroll<\/mark><\/a><strong>:<\/strong> Kontrakter, prisjustering, avtaleutl\u00f8p og oppf\u00f8lging av leverand\u00f8rer, kunder og samarbeidspartnere med varsling p\u00e5 alle niv\u00e5. Varsling ved utl\u00f8p av kompetanse og kurs<\/li>\n<\/ol>\n\n\n\n<p><\/p>\n\n\n\n<ol start=\"14\" class=\"wp-block-list\">\n<li><a href=\"https:\/\/kundeservice.admmit.no\/?page_id=1287\" data-type=\"page\" data-id=\"1287\"><mark style=\"background-color:rgba(0, 0, 0, 0)\" class=\"has-inline-color has-vivid-cyan-blue-color\">Power BI<\/mark><\/a><strong>:<\/strong> Samle data og presenter data fra flere datakilder i AdmMit og andre systemer. Vi sammenstiller data og bygger rapporter p\u00e5 bestilling som CO2 rapport, kilometerstand, drivstofforbruk med mer<\/li>\n<\/ol>\n\n\n\n<p><\/p>\n\n\n<div class=\"frm_forms  with_frm_style frm_style_formidable-style\" id=\"frm_form_2_container\" data-token=\"a466ff7dc6d42a2df68f985fe2624bf5\">\n<form enctype=\"multipart\/form-data\" method=\"post\" class=\"frm-show-form \" id=\"form_var-denne-veiledningen-nyttig\" data-token=\"a466ff7dc6d42a2df68f985fe2624bf5\">\n<div class=\"frm_form_fields \">\n<fieldset>\n<legend class=\"frm_screen_reader\">Var denne veiledningen nyttig?<\/legend>\r\n\r\n<div class=\"frm_fields_container\">\n<input type=\"hidden\" name=\"frm_action\" value=\"create\" \/>\n<input type=\"hidden\" name=\"form_id\" value=\"2\" \/>\n<input type=\"hidden\" name=\"frm_hide_fields_2\" id=\"frm_hide_fields_2\" value=\"\" \/>\n<input type=\"hidden\" name=\"form_key\" value=\"var-denne-veiledningen-nyttig\" \/>\n<input type=\"hidden\" name=\"item_meta[0]\" value=\"\" \/>\n<input type=\"hidden\" id=\"frm_submit_entry_2\" name=\"frm_submit_entry_2\" value=\"7f0d8c9539\" \/><input type=\"hidden\" name=\"_wp_http_referer\" value=\"\/index.php?rest_route=%2Fwp%2Fv2%2Fpages%2F414\" \/><div id=\"frm_field_7_container\" class=\"frm_form_field form-field  frm_top_container vertical_radio\">\r\n    <div  id=\"field_5hpzl_label\" class=\"frm_primary_label\">Var denne veiledningen nyttig?\r\n        <span class=\"frm_required\" aria-hidden=\"true\"><\/span>\r\n    <\/div>\r\n    <div class=\"frm_opt_container\" aria-labelledby=\"field_5hpzl_label\" role=\"radiogroup\">\t\t<div class=\"frm_radio\" id=\"frm_radio_7-0\">\t\t\t<label  for=\"field_5hpzl-0\">\n\t\t\t\t\t<input type=\"radio\" name=\"item_meta[7]\" id=\"field_5hpzl-0\" value=\"Ja\"\n\t\t data-invmsg=\"Var denne veiledningen nyttig? is invalid\"   \/> Ja<\/label><\/div>\n\t\t<div class=\"frm_radio\" id=\"frm_radio_7-1\">\t\t\t<label  for=\"field_5hpzl-1\">\n\t\t\t\t\t<input type=\"radio\" name=\"item_meta[7]\" id=\"field_5hpzl-1\" value=\"Nei\"\n\t\t data-invmsg=\"Var denne veiledningen nyttig? is invalid\"   \/> Nei<\/label><\/div>\n<\/div>\r\n    \r\n    \r\n<\/div>\n<div id=\"frm_field_12_container\" class=\"frm_form_field form-field \">\n\t<div class=\"frm_submit frm_flex\">\r\n<button class=\"frm_button_submit\" type=\"submit\"  >Takk for tilbakemelding<\/button>\r\n\r\n\r\n\r\n<\/div>\n<\/div>\n\t<input type=\"hidden\" name=\"item_key\" value=\"\" \/>\n\t\t\t<div id=\"frm_field_13_container\">\n\t\t\t<label for=\"field_u6vsn\" >\n\t\t\t\tIf you are human, leave this field blank.\t\t\t<\/label>\n\t\t\t<input  id=\"field_u6vsn\" type=\"text\" class=\"frm_form_field form-field frm_verify\" name=\"item_meta[13]\" value=\"\"  \/>\n\t\t<\/div>\n\t\t<input name=\"frm_state\" type=\"hidden\" value=\"L6SFjAD1LrmJVrySNQZesLeRRJtbaS3WyNRrKhxBu28=\" \/><\/div>\n<\/fieldset>\n<\/div>\n\n<p style=\"display: none !important;\" class=\"akismet-fields-container\" data-prefix=\"ak_\"><label>&#916;<textarea name=\"ak_hp_textarea\" cols=\"45\" rows=\"8\" maxlength=\"100\"><\/textarea><\/label><input type=\"hidden\" id=\"ak_js_1\" name=\"ak_js\" value=\"189\"\/><script>document.getElementById( \"ak_js_1\" ).setAttribute( \"value\", ( new Date() ).getTime() );<\/script><\/p><\/form>\n<\/div>\n\n","protected":false},"excerpt":{"rendered":"<p>Med AdmMit AS sin grunnmodul f\u00e5r du en omfattende l\u00f8sning som effektiviserer din bedrifts administrative prosesser. Her er noen av de viktigste punktene. \u00d8nsker du en gjennomgang med en av v\u00e5re konsulenter, ta gjerne kontakt \ud83d\ude0a<\/p>\n","protected":false},"author":240207110,"featured_media":0,"parent":0,"menu_order":0,"comment_status":"closed","ping_status":"closed","template":"","meta":{"inline_featured_image":false,"advanced_seo_description":"","jetpack_seo_html_title":"","jetpack_seo_noindex":false,"footnotes":""},"class_list":["post-414","page","type-page","status-publish","hentry"],"jetpack_shortlink":"https:\/\/wp.me\/Pf9TLW-6G","_links":{"self":[{"href":"https:\/\/kundeservice.admmit.no\/index.php?rest_route=\/wp\/v2\/pages\/414","targetHints":{"allow":["GET"]}}],"collection":[{"href":"https:\/\/kundeservice.admmit.no\/index.php?rest_route=\/wp\/v2\/pages"}],"about":[{"href":"https:\/\/kundeservice.admmit.no\/index.php?rest_route=\/wp\/v2\/types\/page"}],"author":[{"embeddable":true,"href":"https:\/\/kundeservice.admmit.no\/index.php?rest_route=\/wp\/v2\/users\/240207110"}],"replies":[{"embeddable":true,"href":"https:\/\/kundeservice.admmit.no\/index.php?rest_route=%2Fwp%2Fv2%2Fcomments&post=414"}],"version-history":[{"count":23,"href":"https:\/\/kundeservice.admmit.no\/index.php?rest_route=\/wp\/v2\/pages\/414\/revisions"}],"predecessor-version":[{"id":1523,"href":"https:\/\/kundeservice.admmit.no\/index.php?rest_route=\/wp\/v2\/pages\/414\/revisions\/1523"}],"wp:attachment":[{"href":"https:\/\/kundeservice.admmit.no\/index.php?rest_route=%2Fwp%2Fv2%2Fmedia&parent=414"}],"curies":[{"name":"wp","href":"https:\/\/api.w.org\/{rel}","templated":true}]}}